{"id":223,"date":"2023-01-15T22:52:16","date_gmt":"2023-01-15T22:52:16","guid":{"rendered":"https:\/\/vodaterra.cl\/?page_id=223"},"modified":"2023-01-23T19:32:42","modified_gmt":"2023-01-23T19:32:42","slug":"prospeccion-de-recursos-hidricos-subterraneos","status":"publish","type":"page","link":"https:\/\/vodaterra.cl\/?page_id=223","title":{"rendered":"Prospecci\u00f3n de recursos h\u00eddricos subterr\u00e1neos"},"content":{"rendered":"\n<div class=\"wp-block-media-text alignwide is-stacked-on-mobile\" style=\"grid-template-columns:36% auto\"><figure class=\"wp-block-media-text__media\"><img decoding=\"async\" loading=\"lazy\" width=\"683\" height=\"1024\" src=\"http:\/\/vodaterra.cl\/wp-content\/uploads\/2022\/09\/prospeccion_full.jpg\" alt=\"\" class=\"wp-image-158 size-full\" srcset=\"https:\/\/vodaterra.cl\/wp-content\/uploads\/2022\/09\/prospeccion_full.jpg 683w, https:\/\/vodaterra.cl\/wp-content\/uploads\/2022\/09\/prospeccion_full-200x300.jpg 200w\" sizes=\"(max-width: 683px) 100vw, 683px\" \/><\/figure><div class=\"wp-block-media-text__content\">\n<p class=\"has-medium-font-size\"><\/p>\n\n\n\n<p>Mediante el uso de equipamiento que mide la diferencia de conductividad de las diferentes estructuras geol\u00f3gicas subterr\u00e1neas, podemos determinar con precisi\u00f3n la ubicaci\u00f3n de recursos h\u00eddricos subterr\u00e1neos, a los que posteriormente se puede acceder mediante perforaci\u00f3n.<\/p>\n<\/div><\/div>\n\n\n\n<div class=\"is-layout-flex wp-container-4 wp-block-columns\">\n<div class=\"is-layout-flow wp-block-column\">\n<figure class=\"wp-block-image size-thumbnail\"><a href=\"https:\/\/vodaterra.cl\/wp-content\/uploads\/2023\/01\/prospeccion.png\"><img decoding=\"async\" loading=\"lazy\" width=\"150\" height=\"150\" src=\"https:\/\/vodaterra.cl\/wp-content\/uploads\/2023\/01\/prospeccion-150x150.png\" alt=\"\" class=\"wp-image-328\"\/><\/a><\/figure>\n<\/div>\n\n\n\n<div class=\"is-layout-flow wp-block-column\">\n<figure class=\"wp-block-image size-thumbnail\"><a href=\"https:\/\/vodaterra.cl\/wp-content\/uploads\/2023\/01\/prospeccion-2-scaled.jpg\"><img decoding=\"async\" loading=\"lazy\" width=\"150\" height=\"150\" src=\"https:\/\/vodaterra.cl\/wp-content\/uploads\/2023\/01\/prospeccion-2-150x150.jpg\" alt=\"\" class=\"wp-image-331\"\/><\/a><\/figure>\n<\/div>\n\n\n\n<div class=\"is-layout-flow wp-block-column\"><\/div>\n<\/div>\n","protected":false},"excerpt":{"rendered":"<p>Mediante el uso de equipamiento que mide la diferencia de conductividad de las diferentes estructuras geol\u00f3gicas subterr\u00e1neas, podemos determinar con precisi\u00f3n la ubicaci\u00f3n de recursos h\u00eddricos subterr\u00e1neos, a los que posteriormente se puede acceder mediante perforaci\u00f3n.<\/p>\n","protected":false},"author":1,"featured_media":0,"parent":0,"menu_order":0,"comment_status":"closed","ping_status":"closed","template":"","meta":{"om_disable_all_campaigns":false,"_mi_skip_tracking":false,"kt_blocks_editor_width":""},"aioseo_notices":[],"_links":{"self":[{"href":"https:\/\/vodaterra.cl\/index.php?rest_route=\/wp\/v2\/pages\/223"}],"collection":[{"href":"https:\/\/vodaterra.cl\/index.php?rest_route=\/wp\/v2\/pages"}],"about":[{"href":"https:\/\/vodaterra.cl\/index.php?rest_route=\/wp\/v2\/types\/page"}],"author":[{"embeddable":true,"href":"https:\/\/vodaterra.cl\/index.php?rest_route=\/wp\/v2\/users\/1"}],"replies":[{"embeddable":true,"href":"https:\/\/vodaterra.cl\/index.php?rest_route=%2Fwp%2Fv2%2Fcomments&post=223"}],"version-history":[{"count":5,"href":"https:\/\/vodaterra.cl\/index.php?rest_route=\/wp\/v2\/pages\/223\/revisions"}],"predecessor-version":[{"id":333,"href":"https:\/\/vodaterra.cl\/index.php?rest_route=\/wp\/v2\/pages\/223\/revisions\/333"}],"wp:attachment":[{"href":"https:\/\/vodaterra.cl\/index.php?rest_route=%2Fwp%2Fv2%2Fmedia&parent=223"}],"curies":[{"name":"wp","href":"https:\/\/api.w.org\/{rel}","templated":true}]}}