{"id":220,"date":"2023-01-15T22:50:48","date_gmt":"2023-01-15T22:50:48","guid":{"rendered":"https:\/\/vodaterra.cl\/?page_id=220"},"modified":"2023-01-23T19:41:03","modified_gmt":"2023-01-23T19:41:03","slug":"perforacion-de-pozos-profundos","status":"publish","type":"page","link":"https:\/\/vodaterra.cl\/?page_id=220","title":{"rendered":"Perforaci\u00f3n de pozos profundos"},"content":{"rendered":"\n<div class=\"wp-block-media-text alignwide is-stacked-on-mobile\" style=\"grid-template-columns:36% auto\"><figure class=\"wp-block-media-text__media\"><img decoding=\"async\" loading=\"lazy\" width=\"922\" height=\"1024\" src=\"http:\/\/vodaterra.cl\/wp-content\/uploads\/2022\/09\/perforadora-922x1024.jpg\" alt=\"\" class=\"wp-image-135 size-full\" srcset=\"https:\/\/vodaterra.cl\/wp-content\/uploads\/2022\/09\/perforadora-922x1024.jpg 922w, https:\/\/vodaterra.cl\/wp-content\/uploads\/2022\/09\/perforadora-270x300.jpg 270w, https:\/\/vodaterra.cl\/wp-content\/uploads\/2022\/09\/perforadora-768x853.jpg 768w, https:\/\/vodaterra.cl\/wp-content\/uploads\/2022\/09\/perforadora-1384x1536.jpg 1384w, https:\/\/vodaterra.cl\/wp-content\/uploads\/2022\/09\/perforadora-1845x2048.jpg 1845w\" sizes=\"(max-width: 922px) 100vw, 922px\" \/><\/figure><div class=\"wp-block-media-text__content\">\n<p class=\"has-medium-font-size\"><\/p>\n\n\n\n<p>La perforaci\u00f3n de pozos profundos permite el acceso a recursos h\u00eddricos bajo la tierra, para su aprovechamiento como agua para regad\u00edo y para consumo, entre otros. Contamos con el equipamiento necesario para realizar perforaciones y sondajes en todas las zonas del pa\u00eds utilizando el sistema adecuado para cada terreno.<\/p>\n<\/div><\/div>\n\n\n\n<div class=\"is-layout-flex wp-container-4 wp-block-columns\">\n<div class=\"is-layout-flow wp-block-column\">\n<figure class=\"wp-block-image size-thumbnail\"><a href=\"https:\/\/vodaterra.cl\/wp-content\/uploads\/2023\/01\/perforacion.jpg\"><img decoding=\"async\" loading=\"lazy\" width=\"150\" height=\"150\" src=\"https:\/\/vodaterra.cl\/wp-content\/uploads\/2023\/01\/perforacion-150x150.jpg\" alt=\"\" class=\"wp-image-335\"\/><\/a><\/figure>\n<\/div>\n\n\n\n<div class=\"is-layout-flow wp-block-column\">\n<figure class=\"wp-block-image size-thumbnail\"><a href=\"https:\/\/vodaterra.cl\/wp-content\/uploads\/2023\/01\/perforacion-2.png\"><img decoding=\"async\" loading=\"lazy\" width=\"150\" height=\"150\" src=\"https:\/\/vodaterra.cl\/wp-content\/uploads\/2023\/01\/perforacion-2-150x150.png\" alt=\"\" class=\"wp-image-337\"\/><\/a><\/figure>\n<\/div>\n\n\n\n<div class=\"is-layout-flow wp-block-column\">\n<figure class=\"wp-block-image size-thumbnail\"><a href=\"https:\/\/vodaterra.cl\/wp-content\/uploads\/2023\/01\/perforacion-3-scaled.jpg\"><img decoding=\"async\" loading=\"lazy\" width=\"150\" height=\"150\" src=\"https:\/\/vodaterra.cl\/wp-content\/uploads\/2023\/01\/perforacion-3-150x150.jpg\" alt=\"\" class=\"wp-image-339\"\/><\/a><\/figure>\n<\/div>\n<\/div>\n","protected":false},"excerpt":{"rendered":"<p>La perforaci\u00f3n de pozos profundos permite el acceso a recursos h\u00eddricos bajo la tierra, para su aprovechamiento como agua para regad\u00edo y para consumo, entre otros. Contamos con el equipamiento necesario para realizar perforaciones y sondajes en todas las zonas &hellip; <a href=\"https:\/\/vodaterra.cl\/?page_id=220\">Continued<\/a><\/p>\n","protected":false},"author":1,"featured_media":0,"parent":0,"menu_order":0,"comment_status":"closed","ping_status":"closed","template":"","meta":{"om_disable_all_campaigns":false,"_mi_skip_tracking":false,"kt_blocks_editor_width":""},"aioseo_notices":[],"_links":{"self":[{"href":"https:\/\/vodaterra.cl\/index.php?rest_route=\/wp\/v2\/pages\/220"}],"collection":[{"href":"https:\/\/vodaterra.cl\/index.php?rest_route=\/wp\/v2\/pages"}],"about":[{"href":"https:\/\/vodaterra.cl\/index.php?rest_route=\/wp\/v2\/types\/page"}],"author":[{"embeddable":true,"href":"https:\/\/vodaterra.cl\/index.php?rest_route=\/wp\/v2\/users\/1"}],"replies":[{"embeddable":true,"href":"https:\/\/vodaterra.cl\/index.php?rest_route=%2Fwp%2Fv2%2Fcomments&post=220"}],"version-history":[{"count":6,"href":"https:\/\/vodaterra.cl\/index.php?rest_route=\/wp\/v2\/pages\/220\/revisions"}],"predecessor-version":[{"id":341,"href":"https:\/\/vodaterra.cl\/index.php?rest_route=\/wp\/v2\/pages\/220\/revisions\/341"}],"wp:attachment":[{"href":"https:\/\/vodaterra.cl\/index.php?rest_route=%2Fwp%2Fv2%2Fmedia&parent=220"}],"curies":[{"name":"wp","href":"https:\/\/api.w.org\/{rel}","templated":true}]}}